{"id":125,"date":"2024-07-16T17:41:02","date_gmt":"2024-07-16T17:41:02","guid":{"rendered":"https:\/\/akurat.no\/?page_id=125"},"modified":"2024-10-04T10:56:29","modified_gmt":"2024-10-04T10:56:29","slug":"acoustics","status":"publish","type":"page","link":"https:\/\/akurat.no\/index.php\/acoustics\/","title":{"rendered":"Akurat Acoustics"},"content":{"rendered":"\n<p>N\u00e5r det handler om lyd, er lite viktigere enn akustikk. For hva er vel poenget med \u00e5 ta kj\u00e6resten med p\u00e5 restaurant, om dere ikke h\u00f8rer hva hverandre sier under m\u00e5ltidet? God akustikk, tilpasset form\u00e5let, kan forsterke taletydelighet, stemning og arbeidsmilj\u00f8.<\/p>\n\n\n\n<p><\/p>\n\n\n\n<h2 class=\"wp-block-heading\">P\u00e5 arbeidsplassen<\/h2>\n\n\n\n<p>P\u00e5 en arbeidsplass, er det viktig \u00e5 h\u00f8re tydelig hva kollegaer sier til deg. Det er ogs\u00e5 viktig \u00e5 ikke bli forstyrret av kollegaer som snakker seg imellom. Blir det for mye lyd, blir det vanskelig \u00e5 arbeide. Dessuten finnes det <a href=\"https:\/\/lovdata.no\/dokument\/SFO\/forskrift\/2006-04-26-456\">\u00f8vre grenser i norsk lov<\/a> for hvor mye st\u00f8y en arbeider skal t\u00e5le. Heldigvis kan man med relativt enkle, akustiske grep, ordne slikt.<\/p>\n\n\n\n<p>Vi kommer gjerne p\u00e5 gratis befaring for \u00e5 h\u00f8re, og l\u00f8se, ditt problem.<\/p>\n\n\n\n<p><\/p>\n\n\n\n<h2 class=\"wp-block-heading\">Kulturlokaler<\/h2>\n\n\n\n<p>N\u00e5r folk sier &#8220;det var god akustikk&#8221;, mener de som regel at akustikken passet til form\u00e5let. Putter du et kor i en kinosal, l\u00e5ter det ikke s\u00e6rlig overbevisende. Men om du putter samme kor i Nidarosdomen, kan det l\u00e5te helt fantastisk. Putter du derimot Michael Jackson med fullt band inn i Nidarosdomen, l\u00e5ter det bare rotete. Den dansetergende grooven fra trommeslageren blir omgjort til uengasjerende lydsaus.<\/p>\n\n\n\n<p>Om man har tenkt \u00e5 drive et teater uten mikrofoner og h\u00f8yttalere, er det viktig at lyden b\u00e6rer langt slik at man kan h\u00f8re hva som blir sagt. Har man derimot tenkt \u00e5 benytte seg av forsterkning, er det viktig at lyden ikke b\u00e6res, slik at h\u00f8yttalerne kan ta over b\u00e6rearbeidet.<\/p>\n\n\n\n<p>Det finnes med andre ord ikke noe rom med <em>god <\/em>akustikk. Det finnes bare <em>passende <\/em>akustikk. <\/p>\n\n\n\n<p>Vi ser frem til \u00e5 hjelpe deg med \u00e5 oppn\u00e5 akustikken som passer til akkurat ditt form\u00e5l. Kontakt oss p\u00e5 post@akurat.no. Vi kommer gjerne p\u00e5 <strong>gratis befaring<\/strong>.<\/p>\n","protected":false},"excerpt":{"rendered":"<p>N\u00e5r det handler om lyd, er lite viktigere enn akustikk. For hva er vel poenget med \u00e5 ta kj\u00e6resten med p\u00e5 restaurant, om dere ikke h\u00f8rer hva hverandre sier under m\u00e5ltidet? God akustikk, tilpasset form\u00e5let, kan forsterke taletydelighet, stemning og arbeidsmilj\u00f8. P\u00e5 arbeidsplassen P\u00e5 en arbeidsplass, er det viktig \u00e5 h\u00f8re tydelig hva kollegaer sier [&hellip;]<\/p>\n","protected":false},"author":1,"featured_media":0,"parent":0,"menu_order":0,"comment_status":"closed","ping_status":"closed","template":"","meta":{"footnotes":""},"class_list":["post-125","page","type-page","status-publish","hentry"],"_links":{"self":[{"href":"https:\/\/akurat.no\/index.php\/wp-json\/wp\/v2\/pages\/125","targetHints":{"allow":["GET"]}}],"collection":[{"href":"https:\/\/akurat.no\/index.php\/wp-json\/wp\/v2\/pages"}],"about":[{"href":"https:\/\/akurat.no\/index.php\/wp-json\/wp\/v2\/types\/page"}],"author":[{"embeddable":true,"href":"https:\/\/akurat.no\/index.php\/wp-json\/wp\/v2\/users\/1"}],"replies":[{"embeddable":true,"href":"https:\/\/akurat.no\/index.php\/wp-json\/wp\/v2\/comments?post=125"}],"version-history":[{"count":4,"href":"https:\/\/akurat.no\/index.php\/wp-json\/wp\/v2\/pages\/125\/revisions"}],"predecessor-version":[{"id":151,"href":"https:\/\/akurat.no\/index.php\/wp-json\/wp\/v2\/pages\/125\/revisions\/151"}],"wp:attachment":[{"href":"https:\/\/akurat.no\/index.php\/wp-json\/wp\/v2\/media?parent=125"}],"curies":[{"name":"wp","href":"https:\/\/api.w.org\/{rel}","templated":true}]}}