{"id":142,"date":"2024-07-29T18:02:28","date_gmt":"2024-07-29T18:02:28","guid":{"rendered":"https:\/\/akurat.no\/?page_id=142"},"modified":"2024-10-04T10:56:25","modified_gmt":"2024-10-04T10:56:25","slug":"consulting","status":"publish","type":"page","link":"https:\/\/akurat.no\/index.php\/consulting\/","title":{"rendered":"Akurat Consulting"},"content":{"rendered":"\n<p>Er du interessert i noe av det vi driver med, men vet ikke helt hvordan du skal l\u00e6re deg det? Eller kanskje du \u00f8nsker at vi kurser dine ansatte om noe?<\/p>\n\n\n\n<p><\/p>\n\n\n\n<p>V\u00e5r konsulent, Eivinn Arne, er utdannet l\u00e6rer. Om du vil l\u00e6re deg hvordan du lager podcast, gj\u00f8r lyddesign, produserer musikk eller tenker med akustiske briller, kan han l\u00e6re deg det. Han har blant annet holdt podcastkurs i regi av Institutt for journalistikk og undervist i musikkproduksjon ved H\u00f8yskolen Kristiania.<\/p>\n\n\n\n<p><\/p>\n","protected":false},"excerpt":{"rendered":"<p>Er du interessert i noe av det vi driver med, men vet ikke helt hvordan du skal l\u00e6re deg det? Eller kanskje du \u00f8nsker at vi kurser dine ansatte om noe? V\u00e5r konsulent, Eivinn Arne, er utdannet l\u00e6rer. Om du vil l\u00e6re deg hvordan du lager podcast, gj\u00f8r lyddesign, produserer musikk eller tenker med akustiske [&hellip;]<\/p>\n","protected":false},"author":1,"featured_media":0,"parent":0,"menu_order":0,"comment_status":"closed","ping_status":"closed","template":"","meta":{"footnotes":""},"class_list":["post-142","page","type-page","status-publish","hentry"],"_links":{"self":[{"href":"https:\/\/akurat.no\/index.php\/wp-json\/wp\/v2\/pages\/142","targetHints":{"allow":["GET"]}}],"collection":[{"href":"https:\/\/akurat.no\/index.php\/wp-json\/wp\/v2\/pages"}],"about":[{"href":"https:\/\/akurat.no\/index.php\/wp-json\/wp\/v2\/types\/page"}],"author":[{"embeddable":true,"href":"https:\/\/akurat.no\/index.php\/wp-json\/wp\/v2\/users\/1"}],"replies":[{"embeddable":true,"href":"https:\/\/akurat.no\/index.php\/wp-json\/wp\/v2\/comments?post=142"}],"version-history":[{"count":2,"href":"https:\/\/akurat.no\/index.php\/wp-json\/wp\/v2\/pages\/142\/revisions"}],"predecessor-version":[{"id":152,"href":"https:\/\/akurat.no\/index.php\/wp-json\/wp\/v2\/pages\/142\/revisions\/152"}],"wp:attachment":[{"href":"https:\/\/akurat.no\/index.php\/wp-json\/wp\/v2\/media?parent=142"}],"curies":[{"name":"wp","href":"https:\/\/api.w.org\/{rel}","templated":true}]}}